r when 8044632 is divided by 5170?
112
Calculate the remainder when 13415 is divided by 2184.
311
What is the remainder when 11484103 is divided by 11484075?
28
What is the remainder when 2253109 is divided by 563174?
413
Calculate the remainder when 87557203 is divided by 61.
60
What is the remainder when 16755342 is divided by 1362?
18
Calculate the remainder when 1655380 is divided by 14.
6
What is the remainder when 642927 is divided by 18909?
21
Calculate the remainder when 25554375 is divided by 70.
35
What is the remainder when 4620245 is divided by 635?
620
What is the remainder when 279857 is divided by 31095?
2
Calculate the remainder when 176515197 is divided by 640.
637
Calculate the remainder when 15555095 is divided by 596.
91
What is the remainder when 76484 is divided by 193?
56
What is the remainder when 276338 is divided by 275?
238
Calculate the remainder when 2389870 is divided by 19.
12
What is the remainder when 2115078 is divided by 38?
36
Calculate the remainder when 2644439 is divided by 330547.
63
What is the remainder when 411238 is divided by 14518?
4734
Calculate the remainder when 142192480 is divided by 2533.
2525
What is the remainder when 23704889 is divided by 117?
104
Calculate the remainder when 6826009 is divided by 60407.
18
Calculate the remainder when 3651599 is divided by 129.
125
Calculate the remainder when 1009767 is divided by 4696.
127
Calculate the remainder when 162836837 is divided by 76.
73
What is the remainder when 123080 is divided by 1703?
464
What is the remainder when 8815505 is divided by 8815500?
5
What is the remainder when 1787134 is divided by 2125?
9
What is the remainder when 785903 is divided by 18275?
78
Calculate the remainder when 3972050 is divided by 4723.
7
Calculate the remainder when 79845 is divided by 1663.
21
What is the remainder when 11073246 is divided by 30?
6
Calculate the remainder when 5699709 is divided by 1130.
1119
Calculate the remainder when 2386798 is divided by 720.
718
What is the remainder when 193046 is divided by 1608?
86
Calculate the remainder when 1216231 is divided by 13971.
754
Calculate the remainder when 469899 is divided by 22.
1
What is the remainder when 20613 is divided by 2929?
110
Calculate the remainder when 133555 is divided by 33372.
67
What is the remainder when 861792 is divided by 9166?
188
What is the remainder when 1921289 is divided by 1896?
641
What is the remainder when 231628 is divided by 115780?
68
What is the remainder when 53967 is divided by 926?
259
What is the remainder when 699152 is divided by 832?
272
Calculate the remainder when 2885727 is divided by 1264.
15
What is the remainder when 13576027 is divided by 13?
10
Calculate the remainder when 1550634 is divided by 516677.
603
Calculate the remainder when 6857798 is divided by 518.
514
Calculate the remainder when 570178 is divided by 189919.
421
Calculate the remainder when 53245657 is divided by 2239.
2237
What is the remainder when 261494 is divided by 19272?
10958
Calculate the remainder when 541852 is divided by 27085.
152
Calculate the remainder when 17529141 is divided by 168.
21
Calculate the remainder when 507053 is divided by 126736.
109
What is the remainder when 883792 is divided by 9303?
7
Calculate the remainder when 240814 is divided by 1720.
14
Calculate the remainder when 150344 is divided by 37504.
328
What is the remainder when 38939 is divided by 862?
149
Calculate the remainder when 7829699 is divided by 54369.
563
Calculate the remainder when 5402330 is divided by 102.
2
What is the remainder when 10869373 is divided by 26?
21
Calculate the remainder when 218291 is divided by 218275.
16
What is the remainder when 217983 is divided by 179?
140
Calculate the remainder when 87321 is divided by 1306.
1125
What is the remainder when 43756068 is divided by 10939012?
20
What is the remainder when 37222398 is divided by 10?
8
What is the remainder when 8521003 is divided by 2840298?
109
Calculate the remainder when 3934050 is divided by 7114.
8
What is the remainder when 8404733 is divided by 129?
125
Calculate the remainder when 34787 is divided by 5736.
371
What is the remainder when 196112 is divided by 21761?
263
What is the remainder when 88494261 is divided by 388?
385
What is the remainder when 327150 is divided by 12576?
174
What is the remainder when 11182226 is divided by 729?
95
What is the remainder when 60416 is divided by 53?
49
Calculate the remainder when 120791552 is divided by 237.
236
What is the remainder when 495721 is divided by 123850?
321
Calculate the remainder when 2333691 is divided by 1166811.
69
What is the remainder when 41559 is divided by 20576?
407
What is the remainder when 6379 is divided by 6359?
20
Calculate the remainder when 46817766 is divided by 27125.
16
What is the remainder when 2054512 is divided by 158?
38
What is the remainder when 390484 is divided by 97591?
120
Calculate the remainder when 1881015 is divided by 1370.
5
Calculate the remainder when 8497466 is divided by 22.
10
Calculate the remainder when 26799427 is divided by 117.
109
Calculate the remainder when 952506 is divided by 1040.
906
What is the remainder when 344729 is divided by 537?
512
Calculate the remainder when 168262 is divided by 3747.
3394
Calculate the remainder when 403066 is divided by 6026.
5350
What is the remainder when 1180420 is divided by 49?
10
Calculate the remainder when 625185 is divided by 756.
729
What is the remainder when 58184 is divided by 56469?
1715
What is the remainder when 726940 is divided by 323?
190
Calculate the remainder when 481809 is divided by 2961.
2127
Calculate the remainder when 23197310 is divided by 140.
10
Calculate the remainder when 228402 is divided by 485.
452
Calculate the remainder when 100705 is divided by 33520.
145
What is the remainder when 85983180 is divided by 1291?
1289
Calculate the remainder when 26481 is divided by 2415.
2331
Calculate the remainder when 1898720 is divided by 1077.
1046
Calculate the remainder when 2390732 is divided by 2496.
2060
Calculate the remainder when 4944029 is divided by 2887.
1485
Calculate the remainder when 899594 is divided by 3828.
14
Calculate the remainder when 177783 is divided by 12511.
2629
Calculate the remainder when 47008 is divided by 542.
396
What is the remainder when 3177795 is divided by 1588897?
1
Calculate the remainder when 345658 is divided by 196.
110
What is the remainder when 3409339 is divided by 190?
169
Calculate the remainder when 66371 is divided by 621.
545
What is the remainder when 14039 is divided by 15?
14
Calculate the remainder when 68676235 is divided by 1588.
1587
What is the remainder when 1546982 is divided by 2088?
1862
Calculate the remainder when 150222 is divided by 2983.
1072
Calculate the remainder when 7027 is divided by 867.
91
What is the remainder when 529226 is divided by 529163?
63
What is the remainder when 655619 is divided by 109?
93
Calculate the remainder when 8324542 is divided by 156.
70
What is the remainder when 11373090 is divided by 1018?
1012
What is the remainder when 229781050 is divided by 4288?
4282
Calculate the remainder when 1434787 is divided by 2256.
2227
What is the remainder when 13075717 is divided by 680?
677
Calculate the remainder when 179958 is divided by 1499.
78
What is the remainder when 8623964 is divided by 52?
24
Calculate the remainder when 9940546 is divided by 175.
21
What is the remainder when 141828438 is divided by 70914167?
104
What is the remainder when 92100 is divided by 713?
123
What is the remainder when 5669992 is divided by 1680?
1672
What is the remainder when 20468 is divided by 203?
168
Calculate the remainder when 178569 is divided by 5184.
2313
What is the remainder when 1677479 is divided by 186383?
32
What is the remainder when 622567 is divided by 1258?
1115
What is the remainder when 7900062 is divided by 1128580?
2
What is the remainder when 5900752 is divided by 6578?
286
Calculate the remainder when 82909313 is divided by 9212145.
8
What is the remainder when 10874737 is divided by 6137?
6110
What is the remainder when 542320 is divided by 542279?
41
Calculate the remainder when 4704714 is divided by 4704713.
1
What is the remainder when